{"id":217,"date":"2024-11-10T10:32:04","date_gmt":"2024-11-10T10:32:04","guid":{"rendered":"https:\/\/calliotech.fr\/?page_id=217"},"modified":"2025-08-27T07:07:40","modified_gmt":"2025-08-27T05:07:40","slug":"ateliers-decriture","status":"publish","type":"page","link":"https:\/\/panlibri.fr\/?page_id=217","title":{"rendered":"Ateliers d\u2019\u00e9criture"},"content":{"rendered":"\n<div class=\"wp-block-media-text is-stacked-on-mobile\"><figure class=\"wp-block-media-text__media\"><img loading=\"lazy\" decoding=\"async\" width=\"1024\" height=\"1024\" src=\"http:\/\/panlibri.fr\/wp-content\/uploads\/2025\/03\/E9406AFB-6574-4E07-90CF-9519AC23D840.jpeg\" alt=\"\" class=\"wp-image-411 size-full\" srcset=\"https:\/\/panlibri.fr\/wp-content\/uploads\/2025\/03\/E9406AFB-6574-4E07-90CF-9519AC23D840.jpeg 1024w, https:\/\/panlibri.fr\/wp-content\/uploads\/2025\/03\/E9406AFB-6574-4E07-90CF-9519AC23D840-300x300.jpeg 300w, https:\/\/panlibri.fr\/wp-content\/uploads\/2025\/03\/E9406AFB-6574-4E07-90CF-9519AC23D840-150x150.jpeg 150w\" sizes=\"auto, (max-width: 1024px) 100vw, 1024px\" \/><\/figure><div class=\"wp-block-media-text__content\">\n<p><strong>L\u2019atelier d\u2019\u00e9criture p\u00e9dagogique<\/strong><\/p>\n\n\n\n<p>L\u2019atelier d\u2019\u00e9criture p\u00e9dagogique est une de mes cr\u00e9ations : un hybride entre les ateliers d\u2019\u00e9criture classiques et les cours de fran\u00e7ais.&nbsp;<\/p>\n\n\n\n<p><strong>Son but<\/strong>&nbsp;: (re)donner le plaisir d\u2019\u00e9crire aux enfants et leur donner des possibilit\u00e9s d\u2019am\u00e9liorer leurs qualit\u00e9s r\u00e9dactionnelles.<\/p>\n\n\n\n<p><strong>Sa force<\/strong>&nbsp;: un accompagnement explicite vers un but motivant. \u00c9crire compl\u00e8tement sa propre histoire, pas \u00e0 pas, \u00e0 son propre rythme et avec des m\u00e9thodes diff\u00e9rentes et adapt\u00e9es \u00e0 chacun en prenant en compte les \u00e9motions suscit\u00e9es par ce travail d\u2019\u00e9criture.<\/p>\n\n\n\n<p><strong>Son petit plus<\/strong>&nbsp;: cet atelier hybride a \u00e9t\u00e9 test\u00e9 avec une classe dans le cadre d\u2019un dipl\u00f4me universitaire valid\u00e9 ! Son efficacit\u00e9 a \u00e9t\u00e9 prouv\u00e9e avec des m\u00e9thodes scientifiques approuv\u00e9e par un jury universitaire.&nbsp;<\/p>\n\n\n\n<p>POUR LES CE2, CM1 ET CM2 MAIS PEUT \u00caTRE ADAPT\u00c9 AUX CP ET CE1 AINSI QU\u2019AUX COLL\u00c9GIENS<\/p>\n<\/div><\/div>\n\n\n\n<div style=\"height:40px\" aria-hidden=\"true\" class=\"wp-block-spacer\"><\/div>\n\n\n\n<hr class=\"wp-block-separator has-alpha-channel-opacity is-style-wide\"\/>\n\n\n\n<div style=\"height:40px\" aria-hidden=\"true\" class=\"wp-block-spacer\"><\/div>\n\n\n\n<div class=\"wp-block-media-text is-stacked-on-mobile\"><figure class=\"wp-block-media-text__media\"><img loading=\"lazy\" decoding=\"async\" width=\"717\" height=\"1024\" src=\"http:\/\/atelier-du-pandabri.fr\/wp-content\/uploads\/2024\/10\/IMG_8615-717x1024.jpeg\" alt=\"\" class=\"wp-image-118 size-full\" srcset=\"https:\/\/panlibri.fr\/wp-content\/uploads\/2024\/10\/IMG_8615-717x1024.jpeg 717w, https:\/\/panlibri.fr\/wp-content\/uploads\/2024\/10\/IMG_8615-210x300.jpeg 210w, https:\/\/panlibri.fr\/wp-content\/uploads\/2024\/10\/IMG_8615-768x1097.jpeg 768w, https:\/\/panlibri.fr\/wp-content\/uploads\/2024\/10\/IMG_8615.jpeg 1023w\" sizes=\"auto, (max-width: 717px) 100vw, 717px\" \/><\/figure><div class=\"wp-block-media-text__content\">\n<p><strong>Atelier d\u2019\u00e9criture sur les \u00e9motions (CP, CE1 ou CE2)<\/strong><\/p>\n\n\n\n<p>\u00c0 partir de la lecture de \u00ab&nbsp;L\u2019\u00e9cole des \u00e9motions&nbsp;\u00bb, la classe est amen\u00e9e \u00e0 d\u00e9couvrir les diff\u00e9rentes \u00e9motions. <\/p>\n\n\n\n<p>Plusieurs activit\u00e9s peuvent propos\u00e9es au choix :<\/p>\n\n\n\n<ul class=\"wp-block-list\">\n<li>Livre \u00e0 compl\u00e9ter pour les plus jeunes<\/li>\n\n\n\n<li>Fabriquer des cartes des \u00e9motions<\/li>\n\n\n\n<li>\u00c9criture de listes sur \u00ab&nbsp;mes peurs ou mes fiert\u00e9s&nbsp;\u00bb<\/li>\n\n\n\n<li>\u00ab&nbsp;Faire la liste de mes petits bonheur&nbsp;\u00bb<\/li>\n\n\n\n<li>Dessiner un de ces bonheurs <\/li>\n\n\n\n<li>Mimes des \u00e9motions<\/li>\n\n\n\n<li>Petite pi\u00e8ce \u00e0 \u00e9laborer sur les \u00e9motions<\/li>\n\n\n\n<li>Dessin sur les \u00e9motions <\/li>\n\n\n\n<li>Fabrication d\u2019un petit livret<\/li>\n\n\n\n<li>Atelier d\u2019\u00e9criture plus pouss\u00e9 : r\u00e9daction d\u2019une histoire o\u00f9 les \u00e9motions ont un r\u00f4le central.<\/li>\n<\/ul>\n\n\n\n<p>POUR LE CYCLE 2<\/p>\n<\/div><\/div>\n\n\n\n<hr class=\"wp-block-separator has-alpha-channel-opacity is-style-wide\"\/>\n\n\n\n<div style=\"height:40px\" aria-hidden=\"true\" class=\"wp-block-spacer\"><\/div>\n\n\n\n<div class=\"wp-block-media-text is-stacked-on-mobile\"><figure class=\"wp-block-media-text__media\"><img loading=\"lazy\" decoding=\"async\" width=\"728\" height=\"636\" src=\"http:\/\/atelier-du-pandabri.fr\/wp-content\/uploads\/2024\/10\/IMG_8616.jpeg\" alt=\"\" class=\"wp-image-122 size-full\" srcset=\"https:\/\/panlibri.fr\/wp-content\/uploads\/2024\/10\/IMG_8616.jpeg 728w, https:\/\/panlibri.fr\/wp-content\/uploads\/2024\/10\/IMG_8616-300x262.jpeg 300w\" sizes=\"auto, (max-width: 728px) 100vw, 728px\" \/><\/figure><div class=\"wp-block-media-text__content\">\n<p><strong>Atelier d\u2019\u00e9criture sur les \u00e9motions avec d\u00e9couverte de la LSF (CP, CE1 et CE2)<\/strong><\/p>\n\n\n\n<p>\u00c0 partir de la lecture d\u2019un livre adapt\u00e9 aux personnes malentendantes, plusieurs activit\u00e9s autour des \u00e9motions et de l\u2019\u00e9criture peuvent \u00eatre propos\u00e9es : <\/p>\n\n\n\n<ul class=\"wp-block-list\">\n<li>Fabriquer des cartes des \u00e9motions<\/li>\n\n\n\n<li>Fabrication d\u2019un petit livret<\/li>\n\n\n\n<li>Mimes des \u00e9motions<\/li>\n\n\n\n<li>Petite pi\u00e8ce \u00e0 \u00e9laborer sur les \u00e9motions<\/li>\n\n\n\n<li>Atelier d\u2019\u00e9criture plus pouss\u00e9 : r\u00e9daction d\u2019une histoire o\u00f9 les \u00e9motions ont un r\u00f4le central.<\/li>\n<\/ul>\n\n\n\n<p>POUR LE CYCLE 2<\/p>\n\n\n\n<div class=\"wp-block-buttons is-content-justification-center is-layout-flex wp-container-core-buttons-is-layout-a89b3969 wp-block-buttons-is-layout-flex\">\n<div class=\"wp-block-button is-style-outline is-style-outline--1\"><a class=\"wp-block-button__link wp-element-button\" href=\"https:\/\/panlibri.fr\/?page_id=289\">Pourquoi la langue des signes ?<\/a><\/div>\n<\/div>\n<\/div><\/div>\n\n\n\n<div style=\"height:40px\" aria-hidden=\"true\" class=\"wp-block-spacer\"><\/div>\n\n\n\n<hr class=\"wp-block-separator has-alpha-channel-opacity is-style-wide\"\/>\n\n\n\n<div style=\"height:40px\" aria-hidden=\"true\" class=\"wp-block-spacer\"><\/div>\n\n\n\n<div class=\"wp-block-media-text is-stacked-on-mobile\"><figure class=\"wp-block-media-text__media\"><img loading=\"lazy\" decoding=\"async\" width=\"1024\" height=\"1024\" src=\"http:\/\/atelier-du-pandabri.fr\/wp-content\/uploads\/2024\/10\/4008FEE4-9726-49FB-96D4-53FDC0C86530.webp\" alt=\"\" class=\"wp-image-137 size-full\" srcset=\"https:\/\/panlibri.fr\/wp-content\/uploads\/2024\/10\/4008FEE4-9726-49FB-96D4-53FDC0C86530.webp 1024w, https:\/\/panlibri.fr\/wp-content\/uploads\/2024\/10\/4008FEE4-9726-49FB-96D4-53FDC0C86530-300x300.webp 300w, https:\/\/panlibri.fr\/wp-content\/uploads\/2024\/10\/4008FEE4-9726-49FB-96D4-53FDC0C86530-150x150.webp 150w, https:\/\/panlibri.fr\/wp-content\/uploads\/2024\/10\/4008FEE4-9726-49FB-96D4-53FDC0C86530-768x768.webp 768w\" sizes=\"auto, (max-width: 1024px) 100vw, 1024px\" \/><\/figure><div class=\"wp-block-media-text__content\">\n<p><strong>Atelier d\u2019\u00e9criture avec r\u00e9alisation d\u2019un podcast<\/strong><\/p>\n\n\n\n<p>Apr\u00e8s l\u2019aboutissement des ateliers d\u2019\u00e9criture quels qu\u2019ils soient, il est possible de mettre en place un podcast mettant en sc\u00e8ne tour \u00e0 tour les histoires \u00e9crites par les \u00e9l\u00e8ves.<\/p>\n\n\n\n<p>POUR LES PRIMAIRES ET LES COLL\u00c9GIENS<\/p>\n<\/div><\/div>\n\n\n\n<div style=\"height:40px\" aria-hidden=\"true\" class=\"wp-block-spacer\"><\/div>\n\n\n\n<hr class=\"wp-block-separator has-alpha-channel-opacity is-style-wide\"\/>\n\n\n\n<div style=\"height:40px\" aria-hidden=\"true\" class=\"wp-block-spacer\"><\/div>\n\n\n\n<div class=\"wp-block-media-text is-stacked-on-mobile\"><figure class=\"wp-block-media-text__media\"><img loading=\"lazy\" decoding=\"async\" width=\"1024\" height=\"1024\" src=\"http:\/\/atelier-du-pandabri.fr\/wp-content\/uploads\/2024\/11\/226EFBF4-88D5-4C83-B24F-4E106E4C53BE.webp\" alt=\"\" class=\"wp-image-170 size-full\" srcset=\"https:\/\/panlibri.fr\/wp-content\/uploads\/2024\/11\/226EFBF4-88D5-4C83-B24F-4E106E4C53BE.webp 1024w, https:\/\/panlibri.fr\/wp-content\/uploads\/2024\/11\/226EFBF4-88D5-4C83-B24F-4E106E4C53BE-300x300.webp 300w, https:\/\/panlibri.fr\/wp-content\/uploads\/2024\/11\/226EFBF4-88D5-4C83-B24F-4E106E4C53BE-150x150.webp 150w, https:\/\/panlibri.fr\/wp-content\/uploads\/2024\/11\/226EFBF4-88D5-4C83-B24F-4E106E4C53BE-768x768.webp 768w\" sizes=\"auto, (max-width: 1024px) 100vw, 1024px\" \/><\/figure><div class=\"wp-block-media-text__content\">\n<p><strong>Mind mapping et \u00e9criture <\/strong><\/p>\n\n\n\n<p>Comment organis\u00e9 ses pens\u00e9es ? Un r\u00e9cit ? Un texte long ?<\/p>\n\n\n\n<p>Avec cette proposition coupl\u00e9e d\u2019initiation \u00e0 la carte mentale et \u00e0 l\u2019\u00e9criture d\u2019invention, les deux peuvent se compl\u00e9ter et ouvrir de nouveaux champs \u00e0 vos \u00e9l\u00e8ves ?<\/p>\n\n\n\n<p>Des \u00e9l\u00e8ves mal \u00e0 l\u2019aise avec la carte mentale ? Qu\u2019\u00e0 cela ne tienne, le sketchnoting et d\u2019autres alternatives peuvent \u00eatre propos\u00e9es.<\/p>\n\n\n\n<p>\u00c0 PARTIR DU CM1<\/p>\n<\/div><\/div>\n\n\n\n<div style=\"height:40px\" aria-hidden=\"true\" class=\"wp-block-spacer\"><\/div>\n\n\n\n<hr class=\"wp-block-separator has-alpha-channel-opacity is-style-wide\"\/>\n\n\n\n<div style=\"height:40px\" aria-hidden=\"true\" class=\"wp-block-spacer\"><\/div>\n\n\n\n<div class=\"wp-block-media-text has-media-on-the-right is-stacked-on-mobile\"><div class=\"wp-block-media-text__content\">\n<p><strong>Histoire, \u00e9criture et calligraphie<\/strong><\/p>\n\n\n\n<p>Pour le plaisir de d\u00e9couvrir les \u00e9critures anciennes, les anciennes calligraphies, d\u2019appr\u00e9hender l\u2019acte d\u2019\u00e9crire autrement, des petits ateliers de calligraphie peuvent \u00eatre coupl\u00e9s avec les ateliers d\u2019\u00e9criture pour un texte final r\u00e9dig\u00e9 en belles lettres avec des outils aussi vari\u00e9s que le calame, la plume en verre\u2026 <\/p>\n\n\n\n<p>POUR LES PRIMAIRES ET LES COLL\u00c9GIENS<\/p>\n<\/div><figure class=\"wp-block-media-text__media\"><img loading=\"lazy\" decoding=\"async\" width=\"1024\" height=\"1024\" src=\"http:\/\/atelier-du-pandabri.fr\/wp-content\/uploads\/2024\/11\/52A1CEBF-011A-43EE-92D9-C455A90941FF.webp\" alt=\"\" class=\"wp-image-180 size-full\" srcset=\"https:\/\/panlibri.fr\/wp-content\/uploads\/2024\/11\/52A1CEBF-011A-43EE-92D9-C455A90941FF.webp 1024w, https:\/\/panlibri.fr\/wp-content\/uploads\/2024\/11\/52A1CEBF-011A-43EE-92D9-C455A90941FF-300x300.webp 300w, https:\/\/panlibri.fr\/wp-content\/uploads\/2024\/11\/52A1CEBF-011A-43EE-92D9-C455A90941FF-150x150.webp 150w, https:\/\/panlibri.fr\/wp-content\/uploads\/2024\/11\/52A1CEBF-011A-43EE-92D9-C455A90941FF-768x768.webp 768w\" sizes=\"auto, (max-width: 1024px) 100vw, 1024px\" \/><\/figure><\/div>\n\n\n\n<div style=\"height:0px\" aria-hidden=\"true\" class=\"wp-block-spacer\"><\/div>\n\n\n\n<hr class=\"wp-block-separator has-alpha-channel-opacity is-style-wide\"\/>\n\n\n\n<div style=\"height:41px\" aria-hidden=\"true\" class=\"wp-block-spacer\"><\/div>\n\n\n\n<div class=\"wp-block-media-text is-stacked-on-mobile\"><figure class=\"wp-block-media-text__media\"><img loading=\"lazy\" decoding=\"async\" width=\"1024\" height=\"1024\" src=\"http:\/\/atelier-du-pandabri.fr\/wp-content\/uploads\/2025\/03\/E9406AFB-6574-4E07-90CF-9519AC23D840.jpeg\" alt=\"\" class=\"wp-image-411 size-full\" srcset=\"https:\/\/panlibri.fr\/wp-content\/uploads\/2025\/03\/E9406AFB-6574-4E07-90CF-9519AC23D840.jpeg 1024w, https:\/\/panlibri.fr\/wp-content\/uploads\/2025\/03\/E9406AFB-6574-4E07-90CF-9519AC23D840-300x300.jpeg 300w, https:\/\/panlibri.fr\/wp-content\/uploads\/2025\/03\/E9406AFB-6574-4E07-90CF-9519AC23D840-150x150.jpeg 150w\" sizes=\"auto, (max-width: 1024px) 100vw, 1024px\" \/><\/figure><div class=\"wp-block-media-text__content\">\n<p><strong>Atelier \u00ab&nbsp;autour du livre&nbsp;\u00bb<\/strong><\/p>\n\n\n\n<p>En partant de la lecture d\u2019un livre pour enfant, cet atelier permet de faire entrer les participants dans le monde des histoires.<\/p>\n\n\n\n<p>Apr\u00e8s la lecture, des petites activit\u00e9s manuelles ou sportives en lien avec le l\u2019\u0153uvre sont mises en place pour leur offrir une belle de immersion dans l\u2019univers cr\u00e9\u00e9 par l\u2019auteur et d\u00e9velopper le go\u00fbt des jeunes pour la lecture.<\/p>\n\n\n\n<p>De nombreux livres possibles :<\/p>\n\n\n\n<p>\u2026<\/p>\n\n\n\n<p><em>Jolie Lune et le secret du vent<\/em>&nbsp;de Ilya Green<\/p>\n\n\n\n<p><em>Arthur et Zazou \u2013 La danse des \u00e9motions<\/em>, de Marine Guittois<\/p>\n\n\n\n<p><em>Un loup si gentil<\/em>&nbsp;de Pascale V\u00e9d\u00e8re d\u2019Auria<\/p>\n<\/div><\/div>\n\n\n\n<div style=\"height:40px\" aria-hidden=\"true\" class=\"wp-block-spacer\"><\/div>\n\n\n\n<hr class=\"wp-block-separator has-alpha-channel-opacity is-style-wide\"\/>\n\n\n\n<div style=\"height:42px\" aria-hidden=\"true\" class=\"wp-block-spacer\"><\/div>\n\n\n\n<div class=\"wp-block-media-text has-media-on-the-right is-stacked-on-mobile\" style=\"grid-template-columns:auto 32%\"><div class=\"wp-block-media-text__content\">\n<p><strong>Cr\u00e9ation d\u2019un carnet d\u2019\u00e9criture<\/strong><\/p>\n\n\n\n<p>Papiers, cartons, colle, cutter, fils\u2026<\/p>\n\n\n\n<p>C\u2019est tout ce qu\u2019il nous faudra en plus d\u2019un peu plus de temps et d\u2019huile de coudes pour r\u00e9aliser de jolis carnets qui donneront envie d\u2019\u00e9crire, de dessiner aux futurs \u00e9crivains en herbe\u2026<\/p>\n\n\n\n<p>Cet atelier peut se mixer avec d\u2019autres propos\u00e9s dans ce site : ateliers d\u2019\u00e9criture, \u00ab&nbsp;autour du livre&nbsp;\u00bb, ateliers sur les \u00e9motions\u2026<\/p>\n<\/div><figure class=\"wp-block-media-text__media\"><img loading=\"lazy\" decoding=\"async\" width=\"620\" height=\"1024\" src=\"https:\/\/atelier-du-pandabri.fr\/wp-content\/uploads\/2025\/04\/IMG_0927-620x1024.jpeg\" alt=\"\" class=\"wp-image-461 size-full\" srcset=\"https:\/\/panlibri.fr\/wp-content\/uploads\/2025\/04\/IMG_0927-620x1024.jpeg 620w, https:\/\/panlibri.fr\/wp-content\/uploads\/2025\/04\/IMG_0927-182x300.jpeg 182w, https:\/\/panlibri.fr\/wp-content\/uploads\/2025\/04\/IMG_0927.jpeg 815w\" sizes=\"auto, (max-width: 620px) 100vw, 620px\" \/><\/figure><\/div>\n\n\n\n<div class=\"wp-block-buttons is-content-justification-center is-layout-flex wp-container-core-buttons-is-layout-a89b3969 wp-block-buttons-is-layout-flex\">\n<div class=\"wp-block-button\"><a class=\"wp-block-button__link wp-element-button\" href=\"https:\/\/panlibri.fr\/?page_id=298\">Contact, conditions, tarifs\u2026<\/a><\/div>\n<\/div>\n\n\n\n<div style=\"height:40px\" aria-hidden=\"true\" class=\"wp-block-spacer\"><\/div>\n","protected":false},"excerpt":{"rendered":"<p>L\u2019atelier d\u2019\u00e9criture p\u00e9dagogique L\u2019atelier d\u2019\u00e9criture p\u00e9dagogique est une de mes cr\u00e9ations : un hybride entre les ateliers d\u2019\u00e9criture classiques et les cours de fran\u00e7ais.&nbsp; Son but&nbsp;: (re)donner le plaisir d\u2019\u00e9crire aux enfants et leur donner des possibilit\u00e9s d\u2019am\u00e9liorer leurs qualit\u00e9s r\u00e9dactionnelles. Sa force&nbsp;: un accompagnement explicite vers un but motivant. \u00c9crire compl\u00e8tement sa propre histoire, &hellip; <\/p>\n<p class=\"link-more\"><a href=\"https:\/\/panlibri.fr\/?page_id=217\" class=\"more-link\">Lire la suite de<span class=\"screen-reader-text\">\u00ab\u00a0Ateliers d\u2019\u00e9criture\u00a0\u00bb<\/span><\/a><\/p>\n","protected":false},"author":1,"featured_media":0,"parent":0,"menu_order":0,"comment_status":"closed","ping_status":"closed","template":"","meta":{"footnotes":""},"class_list":["post-217","page","type-page","status-publish","hentry"],"_links":{"self":[{"href":"https:\/\/panlibri.fr\/index.php?rest_route=\/wp\/v2\/pages\/217","targetHints":{"allow":["GET"]}}],"collection":[{"href":"https:\/\/panlibri.fr\/index.php?rest_route=\/wp\/v2\/pages"}],"about":[{"href":"https:\/\/panlibri.fr\/index.php?rest_route=\/wp\/v2\/types\/page"}],"author":[{"embeddable":true,"href":"https:\/\/panlibri.fr\/index.php?rest_route=\/wp\/v2\/users\/1"}],"replies":[{"embeddable":true,"href":"https:\/\/panlibri.fr\/index.php?rest_route=%2Fwp%2Fv2%2Fcomments&post=217"}],"version-history":[{"count":18,"href":"https:\/\/panlibri.fr\/index.php?rest_route=\/wp\/v2\/pages\/217\/revisions"}],"predecessor-version":[{"id":555,"href":"https:\/\/panlibri.fr\/index.php?rest_route=\/wp\/v2\/pages\/217\/revisions\/555"}],"wp:attachment":[{"href":"https:\/\/panlibri.fr\/index.php?rest_route=%2Fwp%2Fv2%2Fmedia&parent=217"}],"curies":[{"name":"wp","href":"https:\/\/api.w.org\/{rel}","templated":true}]}}